True
Is 342 even?
True
Is 116 a factor of 4749?
False
Does 110 divide 1430?
True
Does 27 divide 4569?
False
Is 16148 a multiple of 22?
True
Is 61 a factor of 5185?
True
Is 2900 a multiple of 74?
False
Does 20 divide 5279?
False
Does 23 divide 600?
False
Is 4572 a multiple of 127?
True
Is 57910 a multiple of 69?
False
Does 11 divide 295?
False
Is 253 a multiple of 32?
False
Is 47 a factor of 141?
True
Does 7 divide 154?
True
Is 1628 a multiple of 8?
False
Is 62 a factor of 2232?
True
Is 57 a factor of 42345?
False
Does 200 divide 1200?
True
Is 240 a multiple of 5?
True
Is 10 a factor of 866?
False
Is 494 a multiple of 151?
False
Is 25 a factor of 2725?
True
Is 118 a factor of 15340?
True
Is 37 a factor of 1332?
True
Is 205 a multiple of 60?
False
Is 8 a factor of 912?
True
Is 286 a multiple of 26?
True
Is 6271 a multiple of 3?
False
Is 19 a factor of 45201?
True
Is 14 a factor of 1806?
True
Is 33 a factor of 423?
False
Does 10 divide 400?
True
Is 5626 a multiple of 15?
False
Is 936 a multiple of 13?
True
Does 77 divide 28101?
False
Does 107 divide 74900?
True
Does 4 divide 1713?
False
Is 8 a factor of 75?
False
Is 5697 a multiple of 18?
False
Is 4452 a multiple of 28?
True
Is 12 a factor of 12720?
True
Is 12 a factor of 408?
True
Does 20 divide 1300?
True
Does 108 divide 6156?
True
Does 3 divide 221?
False
Is 128 a factor of 12171?
False
Does 7 divide 1182?
False
Does 6 divide 190?
False
Is 1615 a multiple of 7?
False
Is 900 a multiple of 10?
True
Is 7402 a multiple of 72?
False
Is 14 a factor of 60032?
True
Does 123 divide 78482?
False
Does 190 divide 2090?
True
Is 21941 a multiple of 14?
False
Is 413 a factor of 56150?
False
Is 22 a factor of 4420?
False
Is 179 a factor of 5394?
False
Does 10 divide 3470?
True
Is 28076 a multiple of 102?
False
Does 7 divide 46783?
False
Does 29 divide 18784?
False
Does 10 divide 1241?
False
Is 37435 a multiple of 52?
False
Is 1947 a multiple of 16?
False
Is 51 a factor of 16677?
True
Does 122 divide 10492?
True
Is 76597 a multiple of 58?
False
Does 3 divide 1402?
False
Is 4 a factor of 72?
True
Is 1150 a multiple of 5?
True
Does 183 divide 18139?
False
Is 16671 a multiple of 14?
False
Is 33 a factor of 792?
True
Does 33 divide 13670?
False
Is 230 a multiple of 10?
True
Does 21 divide 354?
False
Is 61 a factor of 637?
False
Does 91 divide 28847?
True
Is 24 a factor of 5400?
True
Does 35 divide 4585?
True
Is 69 a factor of 2139?
True
Does 11 divide 1034?
True
Is 5343 a multiple of 16?
False
Does 144 divide 31671?
False
Does 10 divide 2071?
False
Does 236 divide 1652?
True
Is 9 a factor of 4623?
False
Is 8 a factor of 3373?
False
Is 1273 a multiple of 42?
False
Does 4 divide 4081?
False
Is 103733 a multiple of 203?
True
Is 10 a factor of 1078?
False
Is 1127 a multiple of 48?
False
Is 78 a factor of 16023?
False
Is 98 a factor of 13340?
False
Is 62 a factor of 44865?
False
Is 37277 a multiple of 79?
False
Is 38 a factor of 107274?
True
Is 11 a factor of 16896?
True
Is 20 a factor of 520?
True
Is 7241 a multiple of 139?
False
Is 767 a multiple of 35?
False
Does 7 divide 5566?
False
Is 14 a factor of 1113?
False
Is 8552 a multiple of 2?
True
Is 1481 a multiple of 11?
False
Is 82 a factor of 7462?
True
Is 18 a factor of 2058?
False
Is 14 a factor of 245?
False
Is 35 a factor of 5950?
True
Does 5 divide 1380?
True
Is 59 a factor of 118?
True
Is 14 a factor of 18648?
True
Is 210 even?
True
Does 14 divide 476?
True
Does 13 divide 39351?
True
Is 9 a factor of 821?
False
Does 13 divide 59025?
False
Does 6 divide 96?
True
Is 76 a factor of 48640?
True
Is 3 a factor of 58?
False
Does 338 divide 3718?
True
Is 31 a factor of 7347?
True
Is 92 a factor of 92?
True
Does 6 divide 209?
False
Is 9 a factor of 3384?
True
Is 37 a factor of 6956?
True
Is 13 a factor of 20771?
False
Does 15 divide 937?
False
Does 91 divide 1543?
False
Is 6763 a multiple of 17?
False
Is 7 a factor of 55?
False
Is 1560 even?
True
Is 10 a factor of 824?
False
Is 7 a factor of 18582?
False
Does 18 divide 712?
False
Is 17 a factor of 1287?
False
Is 300 a multiple of 35?
False
Is 45 a factor of 810?
True
Is 30 a factor of 2370?
True
Is 31 a factor of 1738?
False
Does 75 divide 76200?
True
Is 21 a factor of 672?
True
Does 24 divide 10704?
True
Is 18 a factor of 684?
True
Is 1468 a multiple of 4?
True
Is 1068 a multiple of 15?
False
Does 29 divide 1778?
False
Is 9 a factor of 365?
False
Is 1917 a multiple of 26?
False
Does 8 divide 1706?
False
Does 10 divide 940?
True
Is 50 a factor of 14250?
True
Is 94 a factor of 9525?
False
Is 20 a factor of 2652?
False
Is 13 a factor of 338?
True
Does 23 divide 61654?
False
Is 64 a factor of 698?
False
Is 39230 a multiple of 255?
False
Is 21850 a multiple of 115?
True
Is 156 a factor of 37440?
True
Is 90 a multiple of 6?
True
Is 1767 a multiple of 4?
False
Is 22 a factor of 63910?
True
Does 14 divide 317?
False
Is 71 a factor of 115?
False
Is 2070 a multiple of 115?
True
Is 10 a factor of 780?
True
Is 242 a multiple of 2?
True
Is 28704 a multiple of 52?
True
Does 58 divide 3132?
True
Is 70 a multiple of 3?
False
Is 95 a factor of 9880?
True
Does 10 divide 5559?
False
Does 31 divide 5952?
True
Does 7 divide 266?
True
Is 152 a multiple of 4?
True
Does 3 divide 96?
True
Is 15040 a multiple of 9?
False
Is 3 a factor of 757?
False
Does 32 divide 2560?
True
Is 89 a multiple of 17?
False
Is 2236 a multiple of 86?
True
Is 25 a factor of 153350?
True
Does 3 divide 9900?
True
Does 19 divide 4560?
True
Does 2 divide 535?
False
Is 84 a factor of 1714?
False
Is 49 a factor of 18718?
True
Is 64619 a multiple of 25?
False
Does 11 divide 3014?
True
Is 14 a factor of 1232?
True
Does 36 divide 9252?
True
Does 45 divide 4503?
False
Does 213 divide 24282?
True
Does 82 divide 9515?
False
Is 111 a factor of 61938?
True
Does 20 divide 14169?
False
Is 2073 a multiple of 18?
False
Is 13 a factor of 7228?
True
Is 1245 a multiple of 143?
False
Is 92 a factor of 920?
True
Does 38 divide 323?
False
Does 56 divide 112?
True
Is 68 a factor of 5304?
True
Is 8 a factor of 144?
True
Is 300 a multiple of 24?
False
Is 195 a factor of 30858?
False
Is 39 a factor of 4122?
False
Does 6 divide 20683?
False
Is 550 a multiple of 39?
False
Does 31 divide 2011?
False
Does 12 divide 1116?
True
Does 213 divide 9798?
True
Is 8649 a multiple of 73?
False
Is 16 a factor of 1567?
False
Is 3 a factor of 21?
True
Is 18 a factor of 3165?
False
Is 8432 a multiple of 17?
True
Is 94440 a multiple of 221?
False
Is 9 a factor of 428?
False
Is 53 a factor of 4505?
True
Is 10 a factor of 84700?
True
Is 37830 a multiple of 303?
False
Does 71 divide 17111?
True
Is 31732 a multiple of 18?
False
Is 767 a multiple of 3?
False
Is 42893 a multiple of 67?
False
Is 12703 a multiple of 13?
False
Is 572 a multiple of 11?
True
Does 49 divide 3022?
False
Is 14 a factor of 3640?
True
Does 5 divide 32253?
False
Does 234 divide 91962?
True
Is 2685 a multiple of 15?
True
Does 55 divide 1650?
True
Is 1622 a multiple of 18?
False
Is 35980 a multiple of 140?
True
Is 1506 a multiple of 17?
False
Is 7803 a multiple of 9?
True
Does 24 divide 1001?
False
Is 76 a multiple of 29?
False
Is 18 a factor of 23526?
True
Is 76 a factor of 836?
True
Is 113 a factor of 24408?
True
Does 3 divide 934?
False
Is 17 a factor of 136?
True
Is 14508 a multiple of 41?
False
Does 37 divide 81078?
False
Does 279 divide 58590?
True
Is 20 a factor of 8078?
False
Is 118 a factor of 461?
False
Is 80 a factor of 11457?
False
Is 365 a factor of 14600?
True
Does 15 divide 3540?
True
Does 10 divide 200?
True
Does 4 divide 6949?
False
Is 508 a multiple of 16?
False
Does 5 divide 945?
True
Is 310 a multiple of 6?
False
Is 4143 a multiple of 10?
False
Is 1118 a multiple of 35?
False
Is 18 a factor of 1241?
False
Is 22 a factor of 4492?
False
Is 24 a factor of 10608?
True
Is 782 a multiple of 12?
False
Is 55 a factor of 1174?
False
Is 2223 a multiple of 23?
False
Is 1780 a multiple of 20?
True
Is 19 a factor of 2203?
False
Is 1589 a multiple of 7?
True
Is 14 a factor of 48634?
False
Does 2 divide 597?
False
Is 114 a factor of 22914?
True
Is 1100 a multiple of 20?
True
Is 25 a factor of 304?
False
Is 2554 a multiple of 6?
False
Is 15 a factor of 44280?
True
Is 308 a multiple of 28?
True
Is 32 a factor of 5727?
False
Is 1458 a multip